3 - 2*u**2. Give s(-1).
-5
Suppose -39 = -4*t - 35. Let k(w) = 8*w. Determine k(t).
8
Let c(i) = -i**2 + 3*i + 2. Let p be c(2). Suppose p*z - 5 = 3. Suppose -4*u - 16 = 0, -3*k - 10 = -z*k + 2*u. Let w(l) = -l**2 - 3*l + 1. Determine w(k).
3
Let y(x) = -5*x**3 + 1. Let f(w) = -w**3. Let v(g) = 6*f(g) - y(g). Let j(c) = -12*c**3 - 2*c**2 - 4. Let n(a) = j(a) - 5*v(a). Determine n(1).
-8
Suppose 0 = -3*a + 6, 2*o + 0*a - a + 12 = 0. Let y(w) = 2*w + 4. What is y(o)?
-6
Suppose 7*t = 37 - 2. Let h(q) = -q**3 + 5*q**2 + q + 4. What is h(t)?
9
Let y(q) = -2*q**3 + 6*q**2 - 5*q + 4. Let i(x) = x**3 + x**2 - x + 1. Let h(m) = 4*i(m) - y(m). Let g = 2 + -1. Suppose -3*s + g = -2. What is h(s)?
5
Let i(k) = -k**2 - 10*k + 3. Let g be -2*((-25)/(-8) + -2)*4. Determine i(g).
12
Let k(c) = -c**2 + 8*c - 6. Suppose 2*s = -3*h + 6*h + 30, 4 = -h. Suppose 0 = 2*j - 21 + s. Determine k(j).
6
Let m(i) = -2*i - 875 + 3*i + 873. Calculate m(6).
4
Let y(g) = -5*g + 4*g + g + g + 6. Determine y(-7).
-1
Let i(a) be the first derivative of a**4/4 - 2*a**3 + 2*a**2 + 2*a - 13. Let n = 14 - 9. Determine i(n).
-3
Let r(t) = -t**2 + 2*t - 8. Let v(f) = f**2 - 3*f + 8. Let l(j) = 3*r(j) + 4*v(j). Give l(6).
8
Let q = -1 + 5. Let c(o) = 0*o + 5*o - 2*o + 5 - o**2. Calculate c(q).
1
Suppose -4 = u + 3*a, u - 20 = 2*a + 3*a. Suppose 9 = 3*o, -5*n - u*o + 7 = -n. Let m(b) = 0 + b**3 + 1 + 2*b**2 - b**2. Give m(n).
-3
Let r(b) = 21*b**2 + 24*b**2 - b - 38*b**2. Determine r(1).
6
Let n = -14 + 10. Let t(j) be the third derivative of j**5/60 + j**4/12 - j**3/2 + 12*j**2. Calculate t(n).
5
Suppose 0*s = s. Let t(j) = j**2 - j + 4. What is t(s)?
4
Let j(c) = c + 4. Let d be j(-5). Let u be (3/(-6))/(d/(-10)). Let o(v) = 727 + 5*v + 727 - 1459 + v**2. Calculate o(u).
-5
Suppose -11*q = 2*u - 13*q, 0 = -u - 2*q + 6. Let l(t) be the second derivative of 1/6*t**3 - u*t + 1/2*t**2 - 1/20*t**5 - 1/12*t**4 + 0. Calculate l(-1).
0
Let f(h) = -h. Let j(u) = u**2 - 16*u - 2. Let g be j(16). Give f(g).
2
Let d(v) = -10*v. Let j(o) = -2*o**2 + 3*o - 1. Let m be j(0). What is d(m)?
10
Suppose -9 = -2*h + 5. Let o(k) = k**2 - 5*k - 5. Give o(h).
9
Let p(t) = t**2 - 5. Suppose -5*v = -3*w + 1 + 10, 2*w + v - 3 = 0. Let m(y) = -w*y - 6*y + 7*y + 5. Let o be m(5). What is p(o)?
-5
Suppose 4*q - 6*q - 4 = 0. Let u be ((-10)/(-2))/(q + 1). Let n(v) be the first derivative of -v**2/2 - 11*v - 1. Determine n(u).
-6
Let l(k) be the first derivative of -k**3/3 + 3*k**2/2 - 3*k + 1. What is l(3)?
-3
Suppose 0 = -2*j + 3 + 1. Let i = 1 + 1. Let y(a) = -3*a - 3 + 5*a - i*a + j*a. Determine y(3).
3
Let z(p) be the second derivative of p**4/12 + 7*p**3/6 + 9*p**2/2 + 15*p. Give z(-6).
3
Let j(f) = -2*f - 2. Suppose 5*x + 0 + 15 = 0. Determine j(x).
4
Let m(p) be the first derivative of -p**2 - 7/3*p**3 - 7 + p. Give m(1).
-8
Let g(b) = -3*b + 2. Suppose 4*u - 8*n + 3*n - 27 = 0, 12 = 2*u - 2*n. Determine g(u).
-7
Let q(o) be the first derivative of -1/120*o**5 + 0*o**2 - 1/3*o**3 + 3 + 0*o - 3/8*o**4. Let k(x) be the third derivative of q(x). Calculate k(-4).
-5
Let y(r) = r**3 - 6*r**2 - 2*r + 3. Let v(g) = -4*g**3 + 18*g**2 + 6*g - 10. Let o(q) = -2*v(q) - 7*y(q). Determine o(-5).
14
Let b(p) = 4*p + 7*p**2 + 3*p**2 - 1 - 11*p**2. Let c(u) = 3*u**2 + u + 1. Let f be c(-1). Suppose 6 = 3*d - f*y, -5*d - y + 0*y + 16 = 0. Calculate b(d).
2
Suppose 2*z + 14 = -0*z + 2*u, 4*u = -3*z. Let o(q) = -q**2 - 8*q - 4. Let n(p) = p. Suppose -v - 6 + 2 = 0. Let t(c) = v*n(c) - o(c). What is t(z)?
4
Let j(u) = 22 - 25 + 2 - 3*u. What is j(1)?
-4
Let b(t) = -2*t**2 + 2. Let f be (-48)/(-9) - 4/(-6). Let p(u) = -u**2 + 6*u + 4. Let k be p(f). Let l be (-6)/k - 1/2. Calculate b(l).
-6
Let c = 15 + -14. Let u(t) = 12*t**2 - t. Determine u(c).
11
Let r = -12 + 7. Let t be (-2)/r - 48/(-30). Let h(b) = 1 - 3*b**2 + 3*b + 2*b**2 + 0*b. Give h(t).
3
Let l(k) = k**2 + 7*k - 2. Let p be 14/4*(-11 - -9). Determine l(p).
-2
Let g be 3/(-3*2/(-20)). Let d(x) = -4*x**2 + 3*x**3 + 3*x**2 - 12*x**3 + g*x**3. What is d(2)?
4
Suppose v - 2*v + 3 = 0. Let d(r) = -5 + 3*r**2 + r**v + 4*r - 8*r**2 + 3. Calculate d(4).
-2
Let j = 10 - 10. Let t(l) = -l + 6. Give t(j).
6
Let b(t) = 7 - 2*t + 1 - 5 + t. Calculate b(3).
0
Let t(s) = 2*s**2 - 4*s + 2. Suppose -o - 3 = -5. What is t(o)?
2
Suppose 7*j - 27 = 4*j. Let n(a) = 2*a - 10. Calculate n(j).
8
Let m(o) = -o + 1. Let g(v) = 4*v + 2. Let r(i) = -g(i) - 2*m(i). Give r(-3).
2
Let d(p) = 6*p - 5. Let o(s) = -s + 1. Let k(f) = d(f) + 5*o(f). Give k(-3).
-3
Let b(z) = -12*z - 6*z**2 + z**3 - 10 + 7*z + 0*z**3. Give b(7).
4
Let d(a) = a**2 - a + 3. Let l be d(0). Suppose 2*t + 3*t - 20 = 0, 17 = f + l*t. Let i(j) = -j**2 + 6*j + 1. Determine i(f).
6
Suppose 4*m + 66 = 54. Let g(t) = t**3 + 4*t**2 + 2*t - 2. Determine g(m).
1
Suppose 0 = -5*w + 2*p + 12, -w + 5*p + 6 + 1 = 0. Let o(i) = i**w + i**2 - 4*i**2 - i + 2*i - 3. Let j(d) = -d. Let g(q) = 5*j(q) - o(q). Determine g(4).
11
Let k(a) = -4 - 2 + 6 + 8 + 2*a. Suppose -5*y - 37 = 2*c, -2*y - 11 = -1. Calculate k(c).
-4
Let w(u) = u**3 + 5*u**2 + u + u - 8*u - 4. Determine w(-6).
-4
Let u(g) = -g - 11. Let t(y) = -y - 6. Let k(d) = 5*t(d) - 3*u(d). Let n(o) = 0*o - o**3 + o - 3 - 7*o**2 - 2*o. Let v be n(-7). What is k(v)?
-5
Let l(v) = 6*v**3 + 14*v**2 - 30*v + 21. Let c(g) = g**3 + 3*g**2 - 6*g + 4. Let f(m) = -6*m - 1. Let s be f(-2). Let k(y) = s*c(y) - 2*l(y). What is k(4)?
-6
Let v(y) be the second derivative of y**3/6 - 3*y**2/2 - 8*y. Give v(-4).
-7
Let c(h) = -81 + 2*h + 42 + 20. Calculate c(13).
7
Let x(j) = j**2 + 3*j + 3. Let h be (10/3)/((-4)/(-6)). Suppose 2 + 8 = -h*f. What is x(f)?
1
Let l(p) = 2*p - 2*p + p + 25*p**2 - 19*p**2. Give l(-1).
5
Let w(f) = -f + 4. Suppose 0 = -2*h - 3*y - 2, -2*h - 6 = -2*y - 14. Suppose 4*m - 14 = -4*x + h*m, -2*x + 10 = -2*m. Calculate w(x).
0
Let f be (-93)/(-33) - 2/(-11). Let w be f + 0/(0 + -2). Let g(k) = k**2 - 2*k - w*k**2 - k + 4. Determine g(-3).
-5
Let s(d) = -13*d - 9. Let k(p) = 3*p + 2. Let a(r) = 9*k(r) + 2*s(r). Suppose m = -3*m. Let w be (m + -1)/(-3 - -4). What is a(w)?
-1
Let i(d) be the first derivative of -3*d**2/2 - d + 4. Suppose -3*x + 4*n = -8, -4*x - 2*n = -15 - 3. Let f be 0 - 3/(6/x). Calculate i(f).
5
Let d(o) = o**2 + 3*o**2 - 6*o - 3*o**2. Let f be ((-5)/30*2)/((-2)/36). Determine d(f).
0
Suppose -2 - 4 = 3*d. Let j(s) be the second derivative of -s**4/6 + s**2 + s. Calculate j(d).
-6
Let s(n) be the first derivative of n**7/840 - n**6/180 - n**5/120 - n**4/24 + 5*n**3/3 + 1. Let a(k) be the third derivative of s(k). What is a(2)?
-3
Let m(h) = -3*h - 2. Let u be m(-2). Suppose u*w - w = 9. Let x(j) be the third derivative of -j**4/24 + 2*j**3/3 + 3*j**2. Give x(w).
1
Let l(i) = i + 7. Let c be -16*(2 + 2 + -5). Suppose 4*f = -c + 4. Calculate l(f).
4
Let q(i) = -2*i**2 - 4*i - 3. Let f(b) = b - 11. Let w be f(7). Let y = 0 - w. Suppose -y*o - 28 = 4*n, 0 = 6*n - 4*n + 5*o + 29. What is q(n)?
-3
Let t = -4 + 2. Let q(c) = -c**3 - 4*c**2 - 4*c - 2. Let p be q(t). Let z(v) = -v + 1. Let m(w) = -w**2 - 5*w - 1. Let l(d) = m(d) - 2*z(d). Calculate l(p).
-1
Let d(g) = -3*g - 3. Let p be 0 + 6/9*-6. Let j be -5 + -1 + -1*2. Let r = j - p. Give d(r).
9
Let j be 6/9*(-18)/(-4). Suppose -3*r + 2*x + 4 = -0, -5 = -r - 3*x. Suppose 4*g - f + j = -6, 2 = r*f. Let m(h) = h**3 + 3*h**2 + 2*h. Determine m(g).
0
Suppose -j + 5 = 4*j. Let k = j + 2. Let m(y) = 0*y**3 - 2 + 3*y**3 - 4*y**2 - 2*y**3 + y**2. Determine m(k).
-2
Suppose -11*y = 31 + 24. Let o(q) = -4*q + 3. Determine o(y).
23
Let m(z) = -z**3 + 3*z**2 + 4*z + 4. Let l be -1 + 0 - 15/(-3). Calculate m(l).
4
Let s(t) be the second derivative of 1/20*t**5 - 1/3*t**3 + 0 + t + t**2 - 1/4*t**4. Let u be 14/4 + 3/(-2). Determine s(u).
-6
Let n(z) = 3*z - 2. Suppose 5*p = -d + 2*d + 7, 1 = -2*d - 3*p. Determine n(d).
-8
Suppose -4*t + 5 = -7. Suppose -3*w + 39 = t*j, 0 = -3*w - 2*w - 3*j + 69. Suppose 0 = -7*v + 2*v + w. Let k(u) = u**3 - 4*u**2 + u + 3. Calculate k(v).
-3
Let f(l) be the second derivative of -l**5/20 - l**4/2 - l**3 - 7*l**2/2 + 2*l. Determine f(-5).
-2
Suppose v - 23 + 24 = 0. Let m(l) = -13*l**2. Calculate m(v).
-13
Suppose 12 = 4*n + 4. Suppose 0*w + n*w = 20. Suppose 2*q = 3*q + 2*t - 10, 5*t - w = 5*q